59. What is the remainder when h is divided by o?
16
Let c = 129 - 82. Calculate the remainder when c is divided by 10.
7
Calculate the remainder when 266 is divided by -6 + (878/16 - (-15)/120).
21
Let u(c) = -c**2 + 4*c + 8. Calculate the remainder when 9 + -4 + 0 + -1 is divided by u(5).
1
Let i(j) = -16*j - 9. Suppose k = l - 0*l - 16, -3*l + 2*k = -51. Calculate the remainder when l is divided by i(-1).
5
Let z(c) = -17*c**2 - 6*c. Let i be z(-10). Calculate the remainder when (i/(-14))/1 - 4/28 is divided by 59.
58
Let v(s) = s**3 + 8*s**2 - 5*s - 69. What is the remainder when 43 is divided by v(-7)?
13
Suppose l - 17 = 18. Suppose -12 = -i - 3. Calculate the remainder when l is divided by i.
8
What is the remainder when (-4)/(-7) - 101970/(-721) is divided by 24?
22
Let d be 6/(-10) - 2080/(-50). Suppose 113 = 4*o + d. Suppose -5*p + o = -3*p. Calculate the remainder when 34 is divided by p.
7
Suppose -2*s + 0*s + 96 = 0. What is the remainder when 193 is divided by s?
1
Let t = 33 - 19. Let j = 125 + 7. Suppose 4*v - 4*m = j, 4*v - 191 + 44 = m. Calculate the remainder when v is divided by t.
10
Suppose -77*i + 216 = -74*i. Let y = -62 + i. Suppose -5*o + 36 - 1 = 0. Calculate the remainder when y is divided by o.
3
Let x = 47 + -43. Let z be (9/(-6))/(1/(-218)). Suppose x*p = p + z. Calculate the remainder when p is divided by 28.
25
Suppose -2*i + 500 = 4*n, -620 = -7*n + 2*n - 5*i. Suppose n = -2*k + 9*k. Calculate the remainder when 52 is divided by k.
16
Suppose 4*a - 108 = 3*c, -a + 5*c + 26 = 4*c. Calculate the remainder when 35 is divided by a.
5
Let d = -339 + 558. Calculate the remainder when d is divided by 103.
13
Suppose 16*l - 17*l + 151 = 0. Calculate the remainder when l is divided by 17.
15
Suppose y - 6*r - 34 = -3*r, 3 = -r. Calculate the remainder when 69 is divided by y.
19
Let o(n) = -n**2 + 8*n + 11. Let a be o(9). Suppose 2*d - y + a = 24, 0 = 5*y + 10. What is the remainder when 27 is divided by d?
7
Let z(d) = -4*d + 5. Let s be 2 + (-88)/(6 + -2). What is the remainder when z(s) is divided by 22?
19
Let d be 36/(-8)*(-4)/3. Let c(p) = -p**2 + 16*p - 16. Calculate the remainder when 130 is divided by c(d).
42
Suppose 0 = -6*p + 1016 - 332. What is the remainder when p is divided by 39?
36
Suppose 0 = 4*s + 5*x - 25, -4*x = 3*s - 10 - 8. Calculate the remainder when 56/(-12)*(-15)/10 is divided by 95/25 + 2/s.
3
Suppose 11*k - 11 = 12*k - 4*d, -d = -4. Suppose -55 = -2*y + v, k*y - 3*v - 55 - 82 = 0. What is the remainder when 136 is divided by y?
24
Suppose 2*k = -3*k - 5, -5*a + 2*k = -87. Suppose 2*d - 18 - 16 = -2*h, 0 = d - 2*h - a. What is the remainder when 133 is divided by d?
14
Let o be ((-5)/(-15) - 24/(-9)) + 2. Suppose -o*b + 109 + 21 = -2*y, -5*b + y + 125 = 0. What is the remainder when 42 is divided by b?
18
Suppose -2*q - 4*x = 340, -578 + 83 = 3*q + x. Let u = -140 - q. What is the remainder when 310 is divided by u?
22
Suppose -3*u = -2*y + 7, y + 3 = -2*u - 3*u. Suppose -3*t + 216 = -3*n, -t - n + 52 = y*n. Calculate the remainder when t is divided by 14.
11
Let z = -5 + 3. Let s(w) = -w**2 - 2*w. Let i be s(z). Suppose 2*o + 5*k + 7 = i, o + 3*k = 5*k + 19. Calculate the remainder when 34 is divided by o.
7
Let a(h) = 3*h + 20. Let g = 7 - 12. Let w = 14 + -5. What is the remainder when w is divided by a(g)?
4
Suppose 5*d = -2*b + 18 + 14, 0 = b + 3*d - 14. What is the remainder when b is divided by ((-7)/(-2))/((-5)/(-10))?
5
Let x(q) be the second derivative of -q**5/20 + 3*q**4/2 + 5*q**3/6 + 13*q**2/2 + 38*q. Calculate the remainder when x(18) is divided by 36.
31
Let a(p) = 9*p**2 + 50*p + 130. What is the remainder when 117 is divided by a(-3)?
56
Let h(q) = -5*q**3 - 5*q**2 + 10*q + 29. What is the remainder when 315 is divided by h(-2)?
25
Let r = -765 + 1141. Calculate the remainder when r is divided by 54.
52
Let j = 336 - 142. What is the remainder when j is divided by 68?
58
Let u = -5 + 41. Suppose 12*d = 24 + u. Let x = 29 - 17. What is the remainder when x is divided by d?
2
Let y = -19 - -24. Suppose -2*d + 4*j = -18, d - 13 + 4 = -y*j. What is the remainder when d is divided by 3?
0
Suppose -3*g + 5*r + 133 = 0, 0 = -5*g - 5*r + 90 + 65. Let b = g - 10. What is the remainder when 101 is divided by b?
23
Suppose 4*q = -15*s + 19*s + 264, 0 = 2*q - 4*s - 128. What is the remainder when q is divided by 19?
11
Suppose 7*y = -2*y + 774. Let x(d) = -d - 4. Let n be x(-4). Suppose 2*z - z - 25 = -t, 4*t - 3*z - y = n. What is the remainder when t is divided by 12?
11
Let h = 66 - 53. Calculate the remainder when 48 is divided by h.
9
Let t(m) = -m**3 - 5*m**2 - 5*m. Let g be t(-4). What is the remainder when 55 is divided by 8/g - -4*(5 + -2)?
13
Suppose 5*t - 3*t = 8. Calculate the remainder when 27 is divided by 10/(-4)*(-8)/t.
2
Calculate the remainder when 11 is divided by 8/2 + 28 + -23.
2
Suppose -445 + 169 = -6*d. What is the remainder when 917 is divided by d?
43
Let j(t) = -22*t - 295. What is the remainder when 491 is divided by j(-14)?
10
Let x(w) be the second derivative of w**4/12 + w**3 + 7*w**2/2 + 5*w. Calculate the remainder when 7 is divided by x(-5).
1
Let o(n) = -4*n - 80. What is the remainder when o(-40) is divided by 44?
36
Let z(d) = -3*d**3 + 12*d**2 - 6*d + 28. Let i(s) = -s**3 - s. Let g(c) = 2*i(c) - z(c). What is the remainder when (-5)/(10/(-112)) - -1 is divided by g(12)?
17
Suppose p + 9 = 5*j, -5*p + 2*j = -2*j + 3. Let s = 3 - p. Suppose s*z - 8*z = -144. What is the remainder when z is divided by 13?
11
Let y be (-20)/2 + (-1 - -5). Calculate the remainder when (y/24)/(1/(-156)) is divided by (0 - 19)*-1 - -1.
19
Let p = -98 + 91. Let i = 5 - p. Let z = 44 - 23. Calculate the remainder when z is divided by i.
9
Suppose -3*c = 8*u - 7*u - 378, -u = 0. Suppose -32*v + 26*v = -c. Let d(r) = -17*r - 3. Calculate the remainder when d(-5) is divided by v.
19
Let v(q) = q**2 + 6*q + 6. Calculate the remainder when v(-8) is divided by 5.
2
Let n be ((-580)/8)/5*2. Let k = 41 + n. Calculate the remainder when 22 is divided by (20/(-6))/(k/(-18)).
2
Let k = 21 + -6. Let c(z) = 2*z**2 + z - 12. Let q be c(-7). Suppose -2*p + q - 27 = 0. Calculate the remainder when p is divided by k.
11
Suppose -6*t + 30 + 12 = 0. Let a be (30/4)/(3/30). Suppose 5*l = 5*r + a, 0*r = 5*l - 2*r - 69. Calculate the remainder when l is divided by t.
6
Let j be 4 + -2 + 3 + -5. Suppose 0*l + 5*l - 55 = j. Let o = 153 + -88. Calculate the remainder when o is divided by l.
10
Let s(l) = -4*l + 27. Let w be (3/(-4))/(2/(-64)). Let o = -15 + w. What is the remainder when o is divided by s(6)?
0
Let h(b) = -b**2 - 14*b - 31. What is the remainder when 45 is divided by h(-9)?
3
Let q(i) = i**2 + 4*i - 7. Let z = -44 - -52. What is the remainder when q(z) is divided by 23?
20
Let c(n) = 3*n**3 + 11*n**2 + 5*n - 258. Let l(p) = p**3 + 4*p**2 + 2*p - 86. Let j(z) = -3*c(z) + 8*l(z). Calculate the remainder when j(0) is divided by 30.
26
Let o(d) = -10*d + 173. What is the remainder when 62 is divided by o(14)?
29
Suppose 11 + 7 = 5*l - 3*x, -2*l + 1 = 5*x. Let n(t) = t**2 + 5*t - 4. Let g be n(-6). Suppose -l*h = -g*h - 6. What is the remainder when 28 is divided by h?
4
Calculate the remainder when 2143 is divided by 25 + (-5 - 9/(-1)).
26
Let i = 15 + -12. Let p(c) = 6*c**2 - 14*c - c**3 + 0*c**i - 21*c**2 + 10 + 4. Calculate the remainder when p(-14) is divided by 4.
2
Suppose -2*d = 14*z - 10*z - 52, d - 5*z = 47. What is the remainder when 158 is divided by d?
30
Calculate the remainder when 15/10*464/12 is divided by 12.
10
Let o(v) = -4*v + 45. Calculate the remainder when 72 is divided by o(-4).
11
Suppose 4*b - 4*f = 328, -5*b + 2*f + 230 = -186. What is the remainder when 158 is divided by b?
74
Suppose 2*r = -2*w + 4*r + 222, -2*r = -w + 106. Calculate the remainder when w is divided by 39.
38
Suppose -2*a = -3*a + 4. Calculate the remainder when (-1140)/(-16) - 1/a is divided by 15.
11
Suppose 5*q = -2*y + 113, -2*q + 2*y - 6*y = -42. Let l(j) = -j**3 - 12*j**2 + 13*j + 13. Calculate the remainder when q is divided by l(-13).
10
Suppose -1423 + 1478 = 5*m. What is the remainder when 24 is divided by m?
2
Let b be 3 - 16/(-12)*-3. Calculate the remainder when (b - 35)*(6